10.40.11.28 localhost - [08/Jun/2008:19:57:27 +0900] "POST /webplayer/comment.py HTTP/1.1" 200 31 "http://localhost/webplayer/player.py?id=e1534f35a5ae84ea5f44d3ae7b25302e" "Mozilla/4.0 (compatible; MSIE 6.0; Windows NT 5.1)"
10.40.11.28 localhost - [08/Jun/2008:19:57:57 +0900] "POST /webplayer/comment.py HTTP/1.1" 200 31 "http://localhost/webplayer/player.py?id=e1534f35a5ae84ea5f44d3ae7b25302e" "Mozilla/4.0 (compatible; MSIE 6.0; Windows NT 5.1)"
10.40.11.28 localhost - [08/Jun/2008:19:58:27 +0900] "POST /webplayer/comment.py HTTP/1.1" 200 31 "http://localhost/webplayer/player.py?id=e1534f35a5ae84ea5f44d3ae7b25302e" "Mozilla/4.0 (compatible; MSIE 6.0; Windows NT 5.1)"
10.40.11.28 localhost - [08/Jun/2008:19:58:57 +0900] "POST /webplayer/comment.py HTTP/1.1" 200 31 "http://localhost/webplayer/player.py?id=e1534f35a5ae84ea5f44d3ae7b25302e" "Mozilla/4.0 (compatible; MSIE 6.0; Windows NT 5.1)"
10.40.11.28 localhost - [08/Jun/2008:19:59:27 +0900] "POST /webplayer/comment.py HTTP/1.1" 200 31 "http://localhost/webplayer/player.py?id=e1534f35a5ae84ea5f44d3ae7b25302e" "Mozilla/4.0 (compatible; MSIE 6.0; Windows NT 5.1)"
10.40.11.28 localhost - [08/Jun/2008:19:59:57 +0900] "POST /webplayer/comment.py HTTP/1.1" 200 31 "http://localhost/webplayer/player.py?id=e1534f35a5ae84ea5f44d3ae7b25302e" "Mozilla/4.0 (compatible; MSIE 6.0; Windows NT 5.1)"
10.40.11.28 localhost - [08/Jun/2008:20:00:27 +0900] "POST /webplayer/comment.py HTTP/1.1" 200 31 "http://localhost/webplayer/player.py?id=e1534f35a5ae84ea5f44d3ae7b25302e" "Mozilla/4.0 (compatible; MSIE 6.0; Windows NT 5.1)"
10.40.11.28 localhost - [08/Jun/2008:20:00:57 +0900] "POST /webplayer/comment.py HTTP/1.1" 200 31 "http://localhost/webplayer/player.py?id=e1534f35a5ae84ea5f44d3ae7b25302e" "Mozilla/4.0 (compatible; MSIE 6.0; Windows NT 5.1)"
10.40.11.28 localhost - [08/Jun/2008:20:01:27 +0900] "POST /webplayer/comment.py HTTP/1.1" 200 31 "http://localhost/webplayer/player.py?id=e1534f35a5ae84ea5f44d3ae7b25302e" "Mozilla/4.0 (compatible; MSIE 6.0; Windows NT 5.1)"
10.40.11.28 localhost - [08/Jun/2008:20:01:57 +0900] "POST /webplayer/comment.py HTTP/1.1" 200 31 "http://localhost/webplayer/player.py?id=e1534f35a5ae84ea5f44d3ae7b25302e" "Mozilla/4.0 (compatible; MSIE 6.0; Windows NT 5.1)"
10.40.11.28 localhost - [08/Jun/2008:20:02:27 +0900] "POST /webplayer/comment.py HTTP/1.1" 200 31 "http://localhost/webplayer/player.py?id=e1534f35a5ae84ea5f44d3ae7b25302e" "Mozilla/4.0 (compatible; MSIE 6.0; Windows NT 5.1)"
10.40.11.28 localhost - [08/Jun/2008:20:02:57 +0900] "POST /webplayer/comment.py HTTP/1.1" 200 31 "http://localhost/webplayer/player.py?id=e1534f35a5ae84ea5f44d3ae7b25302e" "Mozilla/4.0 (compatible; MSIE 6.0; Windows NT 5.1)"
10.40.11.28 localhost - [08/Jun/2008:20:03:27 +0900] "POST /webplayer/comment.py HTTP/1.1" 200 31 "http://localhost/webplayer/player.py?id=e1534f35a5ae84ea5f44d3ae7b25302e" "Mozilla/4.0 (compatible; MSIE 6.0; Windows NT 5.1)"
10.40.11.28 localhost - [08/Jun/2008:20:03:57 +0900] "POST /webplayer/comment.py HTTP/1.1" 200 31 "http://localhost/webplayer/player.py?id=e1534f35a5ae84ea5f44d3ae7b25302e" "Mozilla/4.0 (compatible; MSIE 6.0; Windows NT 5.1)"
10.40.11.28 localhost - [08/Jun/2008:20:04:27 +0900] "POST /webplayer/comment.py HTTP/1.1" 200 31 "http://localhost/webplayer/player.py?id=e1534f35a5ae84ea5f44d3ae7b25302e" "Mozilla/4.0 (compatible; MSIE 6.0; Windows NT 5.1)"
10.40.11.28 localhost - [08/Jun/2008:20:04:57 +0900] "POST /webplayer/comment.py HTTP/1.1" 200 31 "http://localhost/webplayer/player.py?id=e1534f35a5ae84ea5f44d3ae7b25302e" "Mozilla/4.0 (compatible; MSIE 6.0; Windows NT 5.1)"
10.40.11.28 localhost - [08/Jun/2008:20:05:27 +0900] "POST /webplayer/comment.py HTTP/1.1" 200 31 "http://localhost/webplayer/player.py?id=e1534f35a5ae84ea5f44d3ae7b25302e" "Mozilla/4.0 (compatible; MSIE 6.0; Windows NT 5.1)"
10.40.11.28 localhost - [08/Jun/2008:20:05:57 +0900] "POST /webplayer/comment.py HTTP/1.1" 200 31 "http://localhost/webplayer/player.py?id=e1534f35a5ae84ea5f44d3ae7b25302e" "Mozilla/4.0 (compatible; MSIE 6.0; Windows NT 5.1)"
10.40.11.28 localhost - [08/Jun/2008:20:06:27 +0900] "POST /webplayer/comment.py HTTP/1.1" 200 31 "http://localhost/webplayer/player.py?id=e1534f35a5ae84ea5f44d3ae7b25302e" "Mozilla/4.0 (compatible; MSIE 6.0; Windows NT 5.1)"
10.40.11.28 localhost - [08/Jun/2008:20:06:57 +0900] "POST /webplayer/comment.py HTTP/1.1" 200 31 "http://localhost/webplayer/player.py?id=e1534f35a5ae84ea5f44d3ae7b25302e" "Mozilla/4.0 (compatible; MSIE 6.0; Windows NT 5.1)"
10.40.11.28 localhost - [08/Jun/2008:20:07:27 +0900] "POST /webplayer/comment.py HTTP/1.1" 200 31 "http://localhost/webplayer/player.py?id=e1534f35a5ae84ea5f44d3ae7b25302e" "Mozilla/4.0 (compatible; MSIE 6.0; Windows NT 5.1)"
10.40.11.28 localhost - [08/Jun/2008:20:07:57 +0900] "POST /webplayer/comment.py HTTP/1.1" 200 31 "http://localhost/webplayer/player.py?id=e1534f35a5ae84ea5f44d3ae7b25302e" "Mozilla/4.0 (compatible; MSIE 6.0; Windows NT 5.1)"
10.40.11.28 localhost - [08/Jun/2008:20:08:27 +0900] "POST /webplayer/comment.py HTTP/1.1" 200 31 "http://localhost/webplayer/player.py?id=e1534f35a5ae84ea5f44d3ae7b25302e" "Mozilla/4.0 (compatible; MSIE 6.0; Windows NT 5.1)"
10.40.11.28 localhost - [08/Jun/2008:20:08:57 +0900] "POST /webplayer/comment.py HTTP/1.1" 200 31 "http://localhost/webplayer/player.py?id=e1534f35a5ae84ea5f44d3ae7b25302e" "Mozilla/4.0 (compatible; MSIE 6.0; Windows NT 5.1)"
10.40.11.28 localhost - [08/Jun/2008:20:09:27 +0900] "POST /webplayer/comment.py HTTP/1.1" 200 31 "http://localhost/webplayer/player.py?id=e1534f35a5ae84ea5f44d3ae7b25302e" "Mozilla/4.0 (compatible; MSIE 6.0; Windows NT 5.1)"
10.40.11.28 localhost - [08/Jun/2008:20:09:57 +0900] "POST /webplayer/comment.py HTTP/1.1" 200 31 "http://localhost/webplayer/player.py?id=e1534f35a5ae84ea5f44d3ae7b25302e" "Mozilla/4.0 (compatible; MSIE 6.0; Windows NT 5.1)"
10.40.11.28 localhost - [08/Jun/2008:20:10:27 +0900] "POST /webplayer/comment.py HTTP/1.1" 200 31 "http://localhost/webplayer/player.py?id=e1534f35a5ae84ea5f44d3ae7b25302e" "Mozilla/4.0 (compatible; MSIE 6.0; Windows NT 5.1)"
10.40.11.28 localhost - [08/Jun/2008:20:10:57 +0900] "POST /webplayer/comment.py HTTP/1.1" 200 31 "http://localhost/webplayer/player.py?id=e1534f35a5ae84ea5f44d3ae7b25302e" "Mozilla/4.0 (compatible; MSIE 6.0; Windows NT 5.1)"
10.40.11.28 localhost - [08/Jun/2008:20:11:27 +0900] "POST /webplayer/comment.py HTTP/1.1" 200 31 "http://localhost/webplayer/player.py?id=e1534f35a5ae84ea5f44d3ae7b25302e" "Mozilla/4.0 (compatible; MSIE 6.0; Windows NT 5.1)"
10.40.11.28 localhost - [08/Jun/2008:20:11:57 +0900] "POST /webplayer/comment.py HTTP/1.1" 200 31 "http://localhost/webplayer/player.py?id=e1534f35a5ae84ea5f44d3ae7b25302e" "Mozilla/4.0 (compatible; MSIE 6.0; Windows NT 5.1)"
10.40.11.28 localhost - [08/Jun/2008:20:12:27 +0900] "POST /webplayer/comment.py HTTP/1.1" 200 31 "http://localhost/webplayer/player.py?id=e1534f35a5ae84ea5f44d3ae7b25302e" "Mozilla/4.0 (compatible; MSIE 6.0; Windows NT 5.1)"
10.40.11.28 localhost - [08/Jun/2008:20:12:57 +0900] "POST /webplayer/comment.py HTTP/1.1" 200 31 "http://localhost/webplayer/player.py?id=e1534f35a5ae84ea5f44d3ae7b25302e" "Mozilla/4.0 (compatible; MSIE 6.0; Windows NT 5.1)"
10.40.11.28 localhost - [08/Jun/2008:20:13:27 +0900] "POST /webplayer/comment.py HTTP/1.1" 200 31 "http://localhost/webplayer/player.py?id=e1534f35a5ae84ea5f44d3ae7b25302e" "Mozilla/4.0 (compatible; MSIE 6.0; Windows NT 5.1)"
10.40.11.28 localhost - [08/Jun/2008:20:13:57 +0900] "POST /webplayer/comment.py HTTP/1.1" 200 31 "http://localhost/webplayer/player.py?id=e1534f35a5ae84ea5f44d3ae7b25302e" "Mozilla/4.0 (compatible; MSIE 6.0; Windows NT 5.1)"
10.40.11.28 localhost - [08/Jun/2008:20:14:27 +0900] "POST /webplayer/comment.py HTTP/1.1" 200 31 "http://localhost/webplayer/player.py?id=e1534f35a5ae84ea5f44d3ae7b25302e" "Mozilla/4.0 (compatible; MSIE 6.0; Windows NT 5.1)"
10.40.11.28 localhost - [08/Jun/2008:20:14:57 +0900] "POST /webplayer/comment.py HTTP/1.1" 200 31 "http://localhost/webplayer/player.py?id=e1534f35a5ae84ea5f44d3ae7b25302e" "Mozilla/4.0 (compatible; MSIE 6.0; Windows NT 5.1)"
10.40.11.28 localhost - [08/Jun/2008:20:15:27 +0900] "POST /webplayer/comment.py HTTP/1.1" 200 31 "http://localhost/webplayer/player.py?id=e1534f35a5ae84ea5f44d3ae7b25302e" "Mozilla/4.0 (compatible; MSIE 6.0; Windows NT 5.1)"
10.40.11.28 localhost - [08/Jun/2008:20:15:57 +0900] "POST /webplayer/comment.py HTTP/1.1" 200 31 "http://localhost/webplayer/player.py?id=e1534f35a5ae84ea5f44d3ae7b25302e" "Mozilla/4.0 (compatible; MSIE 6.0; Windows NT 5.1)"
10.40.11.28 localhost - [08/Jun/2008:20:16:27 +0900] "POST /webplayer/comment.py HTTP/1.1" 200 31 "http://localhost/webplayer/player.py?id=e1534f35a5ae84ea5f44d3ae7b25302e" "Mozilla/4.0 (compatible; MSIE 6.0; Windows NT 5.1)"
10.40.11.28 localhost - [08/Jun/2008:20:16:57 +0900] "POST /webplayer/comment.py HTTP/1.1" 200 31 "http://localhost/webplayer/player.py?id=e1534f35a5ae84ea5f44d3ae7b25302e" "Mozilla/4.0 (compatible; MSIE 6.0; Windows NT 5.1)"
10.40.11.28 localhost - [08/Jun/2008:20:17:27 +0900] "POST /webplayer/comment.py HTTP/1.1" 200 31 "http://localhost/webplayer/player.py?id=e1534f35a5ae84ea5f44d3ae7b25302e" "Mozilla/4.0 (compatible; MSIE 6.0; Windows NT 5.1)"
10.40.11.28 localhost - [08/Jun/2008:20:17:57 +0900] "POST /webplayer/comment.py HTTP/1.1" 200 31 "http://localhost/webplayer/player.py?id=e1534f35a5ae84ea5f44d3ae7b25302e" "Mozilla/4.0 (compatible; MSIE 6.0; Windows NT 5.1)"
10.40.11.28 localhost - [08/Jun/2008:20:18:27 +0900] "POST /webplayer/comment.py HTTP/1.1" 200 31 "http://localhost/webplayer/player.py?id=e1534f35a5ae84ea5f44d3ae7b25302e" "Mozilla/4.0 (compatible; MSIE 6.0; Windows NT 5.1)"
10.40.11.28 localhost - [08/Jun/2008:20:18:57 +0900] "POST /webplayer/comment.py HTTP/1.1" 200 31 "http://localhost/webplayer/player.py?id=e1534f35a5ae84ea5f44d3ae7b25302e" "Mozilla/4.0 (compatible; MSIE 6.0; Windows NT 5.1)"
10.40.11.28 localhost - [08/Jun/2008:20:19:27 +0900] "POST /webplayer/comment.py HTTP/1.1" 200 31 "http://localhost/webplayer/player.py?id=e1534f35a5ae84ea5f44d3ae7b25302e" "Mozilla/4.0 (compatible; MSIE 6.0; Windows NT 5.1)"
10.40.11.28 localhost - [08/Jun/2008:20:19:57 +0900] "POST /webplayer/comment.py HTTP/1.1" 200 31 "http://localhost/webplayer/player.py?id=e1534f35a5ae84ea5f44d3ae7b25302e" "Mozilla/4.0 (compatible; MSIE 6.0; Windows NT 5.1)"
10.40.11.28 localhost - [08/Jun/2008:20:20:27 +0900] "POST /webplayer/comment.py HTTP/1.1" 200 31 "http://localhost/webplayer/player.py?id=e1534f35a5ae84ea5f44d3ae7b25302e" "Mozilla/4.0 (compatible; MSIE 6.0; Windows NT 5.1)"
10.40.11.28 localhost - [08/Jun/2008:20:20:57 +0900] "POST /webplayer/comment.py HTTP/1.1" 200 31 "http://localhost/webplayer/player.py?id=e1534f35a5ae84ea5f44d3ae7b25302e" "Mozilla/4.0 (compatible; MSIE 6.0; Windows NT 5.1)"
10.40.11.28 localhost - [08/Jun/2008:20:21:27 +0900] "POST /webplayer/comment.py HTTP/1.1" 200 31 "http://localhost/webplayer/player.py?id=e1534f35a5ae84ea5f44d3ae7b25302e" "Mozilla/4.0 (compatible; MSIE 6.0; Windows NT 5.1)"
10.40.11.28 localhost - [08/Jun/2008:20:21:57 +0900] "POST /webplayer/comment.py HTTP/1.1" 200 31 "http://localhost/webplayer/player.py?id=e1534f35a5ae84ea5f44d3ae7b25302e" "Mozilla/4.0 (compatible; MSIE 6.0; Windows NT 5.1)"
10.40.11.28 localhost - [08/Jun/2008:20:22:27 +0900] "POST /webplayer/comment.py HTTP/1.1" 200 31 "http://localhost/webplayer/player.py?id=e1534f35a5ae84ea5f44d3ae7b25302e" "Mozilla/4.0 (compatible; MSIE 6.0; Windows NT 5.1)"
10.40.11.28 localhost - [08/Jun/2008:20:22:57 +0900] "POST /webplayer/comment.py HTTP/1.1" 200 31 "http://localhost/webplayer/player.py?id=e1534f35a5ae84ea5f44d3ae7b25302e" "Mozilla/4.0 (compatible; MSIE 6.0; Windows NT 5.1)"
10.40.11.28 localhost - [08/Jun/2008:20:23:27 +0900] "POST /webplayer/comment.py HTTP/1.1" 200 31 "http://localhost/webplayer/player.py?id=e1534f35a5ae84ea5f44d3ae7b25302e" "Mozilla/4.0 (compatible; MSIE 6.0; Windows NT 5.1)"
10.40.11.28 localhost - [08/Jun/2008:20:23:57 +0900] "POST /webplayer/comment.py HTTP/1.1" 200 31 "http://localhost/webplayer/player.py?id=e1534f35a5ae84ea5f44d3ae7b25302e" "Mozilla/4.0 (compatible; MSIE 6.0; Windows NT 5.1)"
10.40.11.28 localhost - [08/Jun/2008:20:24:27 +0900] "POST /webplayer/comment.py HTTP/1.1" 200 31 "http://localhost/webplayer/player.py?id=e1534f35a5ae84ea5f44d3ae7b25302e" "Mozilla/4.0 (compatible; MSIE 6.0; Windows NT 5.1)"
10.40.11.28 localhost - [08/Jun/2008:20:24:57 +0900] "POST /webplayer/comment.py HTTP/1.1" 200 31 "http://localhost/webplayer/player.py?id=e1534f35a5ae84ea5f44d3ae7b25302e" "Mozilla/4.0 (compatible; MSIE 6.0; Windows NT 5.1)"
10.40.11.28 localhost - [08/Jun/2008:20:25:27 +0900] "POST /webplayer/comment.py HTTP/1.1" 200 31 "http://localhost/webplayer/player.py?id=e1534f35a5ae84ea5f44d3ae7b25302e" "Mozilla/4.0 (compatible; MSIE 6.0; Windows NT 5.1)"
10.40.11.28 localhost - [08/Jun/2008:20:25:57 +0900] "POST /webplayer/comment.py HTTP/1.1" 200 31 "http://localhost/webplayer/player.py?id=e1534f35a5ae84ea5f44d3ae7b25302e" "Mozilla/4.0 (compatible; MSIE 6.0; Windows NT 5.1)"
10.40.11.28 localhost - [08/Jun/2008:20:26:27 +0900] "POST /webplayer/comment.py HTTP/1.1" 200 31 "http://localhost/webplayer/player.py?id=e1534f35a5ae84ea5f44d3ae7b25302e" "Mozilla/4.0 (compatible; MSIE 6.0; Windows NT 5.1)"
10.40.11.28 localhost - [08/Jun/2008:20:26:57 +0900] "POST /webplayer/comment.py HTTP/1.1" 200 31 "http://localhost/webplayer/player.py?id=e1534f35a5ae84ea5f44d3ae7b25302e" "Mozilla/4.0 (compatible; MSIE 6.0; Windows NT 5.1)"
10.40.11.28 localhost - [08/Jun/2008:20:27:27 +0900] "POST /webplayer/comment.py HTTP/1.1" 200 31 "http://localhost/webplayer/player.py?id=e1534f35a5ae84ea5f44d3ae7b25302e" "Mozilla/4.0 (compatible; MSIE 6.0; Windows NT 5.1)"
10.40.11.28 localhost - [08/Jun/2008:20:27:57 +0900] "POST /webplayer/comment.py HTTP/1.1" 200 31 "http://localhost/webplayer/player.py?id=e1534f35a5ae84ea5f44d3ae7b25302e" "Mozilla/4.0 (compatible; MSIE 6.0; Windows NT 5.1)"
10.40.11.28 localhost - [08/Jun/2008:20:28:27 +0900] "POST /webplayer/comment.py HTTP/1.1" 200 31 "http://localhost/webplayer/player.py?id=e1534f35a5ae84ea5f44d3ae7b25302e" "Mozilla/4.0 (compatible; MSIE 6.0; Windows NT 5.1)"
10.40.11.28 localhost - [08/Jun/2008:20:28:57 +0900] "POST /webplayer/comment.py HTTP/1.1" 200 31 "http://localhost/webplayer/player.py?id=e1534f35a5ae84ea5f44d3ae7b25302e" "Mozilla/4.0 (compatible; MSIE 6.0; Windows NT 5.1)"
10.40.11.28 localhost - [08/Jun/2008:20:29:27 +0900] "POST /webplayer/comment.py HTTP/1.1" 200 31 "http://localhost/webplayer/player.py?id=e1534f35a5ae84ea5f44d3ae7b25302e" "Mozilla/4.0 (compatible; MSIE 6.0; Windows NT 5.1)"
10.40.11.28 localhost - [08/Jun/2008:20:29:57 +0900] "POST /webplayer/comment.py HTTP/1.1" 200 31 "http://localhost/webplayer/player.py?id=e1534f35a5ae84ea5f44d3ae7b25302e" "Mozilla/4.0 (compatible; MSIE 6.0; Windows NT 5.1)"
10.40.11.28 localhost - [08/Jun/2008:20:30:27 +0900] "POST /webplayer/comment.py HTTP/1.1" 200 31 "http://localhost/webplayer/player.py?id=e1534f35a5ae84ea5f44d3ae7b25302e" "Mozilla/4.0 (compatible; MSIE 6.0; Windows NT 5.1)"
10.40.11.28 localhost - [08/Jun/2008:20:30:57 +0900] "POST /webplayer/comment.py HTTP/1.1" 200 31 "http://localhost/webplayer/player.py?id=e1534f35a5ae84ea5f44d3ae7b25302e" "Mozilla/4.0 (compatible; MSIE 6.0; Windows NT 5.1)"
10.40.11.28 localhost - [08/Jun/2008:20:31:27 +0900] "POST /webplayer/comment.py HTTP/1.1" 200 31 "http://localhost/webplayer/player.py?id=e1534f35a5ae84ea5f44d3ae7b25302e" "Mozilla/4.0 (compatible; MSIE 6.0; Windows NT 5.1)"
10.40.11.28 localhost - [08/Jun/2008:20:31:57 +0900] "POST /webplayer/comment.py HTTP/1.1" 200 31 "http://localhost/webplayer/player.py?id=e1534f35a5ae84ea5f44d3ae7b25302e" "Mozilla/4.0 (compatible; MSIE 6.0; Windows NT 5.1)"
10.40.11.28 localhost - [08/Jun/2008:20:32:27 +0900] "POST /webplayer/comment.py HTTP/1.1" 200 31 "http://localhost/webplayer/player.py?id=e1534f35a5ae84ea5f44d3ae7b25302e" "Mozilla/4.0 (compatible; MSIE 6.0; Windows NT 5.1)"
10.40.11.28 localhost - [08/Jun/2008:20:32:57 +0900] "POST /webplayer/comment.py HTTP/1.1" 200 31 "http://localhost/webplayer/player.py?id=e1534f35a5ae84ea5f44d3ae7b25302e" "Mozilla/4.0 (compatible; MSIE 6.0; Windows NT 5.1)"
10.40.11.28 localhost - [08/Jun/2008:20:33:27 +0900] "POST /webplayer/comment.py HTTP/1.1" 200 31 "http://localhost/webplayer/player.py?id=e1534f35a5ae84ea5f44d3ae7b25302e" "Mozilla/4.0 (compatible; MSIE 6.0; Windows NT 5.1)"
10.40.11.28 localhost - [08/Jun/2008:20:33:57 +0900] "POST /webplayer/comment.py HTTP/1.1" 200 31 "http://localhost/webplayer/player.py?id=e1534f35a5ae84ea5f44d3ae7b25302e" "Mozilla/4.0 (compatible; MSIE 6.0; Windows NT 5.1)"
10.40.11.28 localhost - [08/Jun/2008:20:34:27 +0900] "POST /webplayer/comment.py HTTP/1.1" 200 31 "http://localhost/webplayer/player.py?id=e1534f35a5ae84ea5f44d3ae7b25302e" "Mozilla/4.0 (compatible; MSIE 6.0; Windows NT 5.1)"
10.40.11.28 localhost - [08/Jun/2008:20:34:57 +0900] "POST /webplayer/comment.py HTTP/1.1" 200 31 "http://localhost/webplayer/player.py?id=e1534f35a5ae84ea5f44d3ae7b25302e" "Mozilla/4.0 (compatible; MSIE 6.0; Windows NT 5.1)"
10.40.11.28 localhost - [08/Jun/2008:20:35:27 +0900] "POST /webplayer/comment.py HTTP/1.1" 200 31 "http://localhost/webplayer/player.py?id=e1534f35a5ae84ea5f44d3ae7b25302e" "Mozilla/4.0 (compatible; MSIE 6.0; Windows NT 5.1)"
10.40.11.28 localhost - [08/Jun/2008:20:35:57 +0900] "POST /webplayer/comment.py HTTP/1.1" 200 31 "http://localhost/webplayer/player.py?id=e1534f35a5ae84ea5f44d3ae7b25302e" "Mozilla/4.0 (compatible; MSIE 6.0; Windows NT 5.1)"
10.40.11.28 localhost - [08/Jun/2008:20:36:27 +0900] "POST /webplayer/comment.py HTTP/1.1" 200 31 "http://localhost/webplayer/player.py?id=e1534f35a5ae84ea5f44d3ae7b25302e" "Mozilla/4.0 (compatible; MSIE 6.0; Windows NT 5.1)"
10.40.11.28 localhost - [08/Jun/2008:20:36:57 +0900] "POST /webplayer/comment.py HTTP/1.1" 200 31 "http://localhost/webplayer/player.py?id=e1534f35a5ae84ea5f44d3ae7b25302e" "Mozilla/4.0 (compatible; MSIE 6.0; Windows NT 5.1)"
10.40.11.28 localhost - [08/Jun/2008:20:37:27 +0900] "POST /webplayer/comment.py HTTP/1.1" 200 31 "http://localhost/webplayer/player.py?id=e1534f35a5ae84ea5f44d3ae7b25302e" "Mozilla/4.0 (compatible; MSIE 6.0; Windows NT 5.1)"
10.40.11.28 localhost - [08/Jun/2008:20:37:57 +0900] "POST /webplayer/comment.py HTTP/1.1" 200 31 "http://localhost/webplayer/player.py?id=e1534f35a5ae84ea5f44d3ae7b25302e" "Mozilla/4.0 (compatible; MSIE 6.0; Windows NT 5.1)"
10.40.11.28 localhost - [08/Jun/2008:20:38:27 +0900] "POST /webplayer/comment.py HTTP/1.1" 200 31 "http://localhost/webplayer/player.py?id=e1534f35a5ae84ea5f44d3ae7b25302e" "Mozilla/4.0 (compatible; MSIE 6.0; Windows NT 5.1)"
10.40.11.28 localhost - [08/Jun/2008:20:38:57 +0900] "POST /webplayer/comment.py HTTP/1.1" 200 31 "http://localhost/webplayer/player.py?id=e1534f35a5ae84ea5f44d3ae7b25302e" "Mozilla/4.0 (compatible; MSIE 6.0; Windows NT 5.1)"
10.40.11.28 localhost - [08/Jun/2008:20:39:27 +0900] "POST /webplayer/comment.py HTTP/1.1" 200 31 "http://localhost/webplayer/player.py?id=e1534f35a5ae84ea5f44d3ae7b25302e" "Mozilla/4.0 (compatible; MSIE 6.0; Windows NT 5.1)"
10.40.11.28 localhost - [08/Jun/2008:20:39:57 +0900] "POST /webplayer/comment.py HTTP/1.1" 200 31 "http://localhost/webplayer/player.py?id=e1534f35a5ae84ea5f44d3ae7b25302e" "Mozilla/4.0 (compatible; MSIE 6.0; Windows NT 5.1)"
10.40.11.28 localhost - [08/Jun/2008:20:40:27 +0900] "POST /webplayer/comment.py HTTP/1.1" 200 31 "http://localhost/webplayer/player.py?id=e1534f35a5ae84ea5f44d3ae7b25302e" "Mozilla/4.0 (compatible; MSIE 6.0; Windows NT 5.1)"
10.40.11.28 localhost - [08/Jun/2008:20:40:57 +0900] "POST /webplayer/comment.py HTTP/1.1" 200 31 "http://localhost/webplayer/player.py?id=e1534f35a5ae84ea5f44d3ae7b25302e" "Mozilla/4.0 (compatible; MSIE 6.0; Windows NT 5.1)"
10.40.11.28 localhost - [08/Jun/2008:20:41:27 +0900] "POST /webplayer/comment.py HTTP/1.1" 200 31 "http://localhost/webplayer/player.py?id=e1534f35a5ae84ea5f44d3ae7b25302e" "Mozilla/4.0 (compatible; MSIE 6.0; Windows NT 5.1)"
10.40.11.28 localhost - [08/Jun/2008:20:41:57 +0900] "POST /webplayer/comment.py HTTP/1.1" 200 31 "http://localhost/webplayer/player.py?id=e1534f35a5ae84ea5f44d3ae7b25302e" "Mozilla/4.0 (compatible; MSIE 6.0; Windows NT 5.1)"
10.40.11.28 localhost - [08/Jun/2008:20:42:27 +0900] "POST /webplayer/comment.py HTTP/1.1" 200 31 "http://localhost/webplayer/player.py?id=e1534f35a5ae84ea5f44d3ae7b25302e" "Mozilla/4.0 (compatible; MSIE 6.0; Windows NT 5.1)"
10.40.11.28 localhost - [08/Jun/2008:20:42:57 +0900] "POST /webplayer/comment.py HTTP/1.1" 200 31 "http://localhost/webplayer/player.py?id=e1534f35a5ae84ea5f44d3ae7b25302e" "Mozilla/4.0 (compatible; MSIE 6.0; Windows NT 5.1)"
10.40.11.28 localhost - [08/Jun/2008:20:43:27 +0900] "POST /webplayer/comment.py HTTP/1.1" 200 31 "http://localhost/webplayer/player.py?id=e1534f35a5ae84ea5f44d3ae7b25302e" "Mozilla/4.0 (compatible; MSIE 6.0; Windows NT 5.1)"
10.40.11.28 localhost - [08/Jun/2008:20:43:57 +0900] "POST /webplayer/comment.py HTTP/1.1" 200 31 "http://localhost/webplayer/player.py?id=e1534f35a5ae84ea5f44d3ae7b25302e" "Mozilla/4.0 (compatible; MSIE 6.0; Windows NT 5.1)"
10.40.11.28 localhost - [08/Jun/2008:20:44:27 +0900] "POST /webplayer/comment.py HTTP/1.1" 200 31 "http://localhost/webplayer/player.py?id=e1534f35a5ae84ea5f44d3ae7b25302e" "Mozilla/4.0 (compatible; MSIE 6.0; Windows NT 5.1)"
10.40.11.28 localhost - [08/Jun/2008:20:44:57 +0900] "POST /webplayer/comment.py HTTP/1.1" 200 31 "http://localhost/webplayer/player.py?id=e1534f35a5ae84ea5f44d3ae7b25302e" "Mozilla/4.0 (compatible; MSIE 6.0; Windows NT 5.1)"
10.40.11.28 localhost - [08/Jun/2008:20:45:27 +0900] "POST /webplayer/comment.py HTTP/1.1" 200 31 "http://localhost/webplayer/player.py?id=e1534f35a5ae84ea5f44d3ae7b25302e" "Mozilla/4.0 (compatible; MSIE 6.0; Windows NT 5.1)"
10.40.11.28 localhost - [08/Jun/2008:20:45:57 +0900] "POST /webplayer/comment.py HTTP/1.1" 200 31 "http://localhost/webplayer/player.py?id=e1534f35a5ae84ea5f44d3ae7b25302e" "Mozilla/4.0 (compatible; MSIE 6.0; Windows NT 5.1)"
10.40.11.28 localhost - [08/Jun/2008:20:46:27 +0900] "POST /webplayer/comment.py HTTP/1.1" 200 31 "http://localhost/webplayer/player.py?id=e1534f35a5ae84ea5f44d3ae7b25302e" "Mozilla/4.0 (compatible; MSIE 6.0; Windows NT 5.1)"
10.40.11.28 localhost - [08/Jun/2008:20:46:57 +0900] "POST /webplayer/comment.py HTTP/1.1" 200 31 "http://localhost/webplayer/player.py?id=e1534f35a5ae84ea5f44d3ae7b25302e" "Mozilla/4.0 (compatible; MSIE 6.0; Windows NT 5.1)"
10.40.11.28 localhost - [08/Jun/2008:20:47:27 +0900] "POST /webplayer/comment.py HTTP/1.1" 200 31 "http://localhost/webplayer/player.py?id=e1534f35a5ae84ea5f44d3ae7b25302e" "Mozilla/4.0 (compatible; MSIE 6.0; Windows NT 5.1)"
10.40.11.28 localhost - [08/Jun/2008:20:47:57 +0900] "POST /webplayer/comment.py HTTP/1.1" 200 31 "http://localhost/webplayer/player.py?id=e1534f35a5ae84ea5f44d3ae7b25302e" "Mozilla/4.0 (compatible; MSIE 6.0; Windows NT 5.1)"
10.40.11.28 localhost - [08/Jun/2008:20:48:27 +0900] "POST /webplayer/comment.py HTTP/1.1" 200 31 "http://localhost/webplayer/player.py?id=e1534f35a5ae84ea5f44d3ae7b25302e" "Mozilla/4.0 (compatible; MSIE 6.0; Windows NT 5.1)"
10.66.193.133 localhost - [08/Jun/2008:20:48:39 +0900] "GET /webplayer/ HTTP/1.1" 200 15400 "-" "Mozilla/5.0 (Windows; U; Windows NT 6.0; ja; rv:1.8.1.14) Gecko/20080404 Firefox/2.0.0.14"
10.66.193.133 localhost - [08/Jun/2008:20:48:39 +0900] "GET /webplayer/style.css HTTP/1.1" 200 2168 "http://localhost/webplayer/" "Mozilla/5.0 (Windows; U; Windows NT 6.0; ja; rv:1.8.1.14) Gecko/20080404 Firefox/2.0.0.14"
10.66.193.133 localhost - [08/Jun/2008:20:48:39 +0900] "GET /webplayer/common.js HTTP/1.1" 200 3660 "http://localhost/webplayer/" "Mozilla/5.0 (Windows; U; Windows NT 6.0; ja; rv:1.8.1.14) Gecko/20080404 Firefox/2.0.0.14"
10.66.193.133 localhost - [08/Jun/2008:20:48:39 +0900] "GET /webplayer/index.js HTTP/1.1" 200 511 "http://localhost/webplayer/" "Mozilla/5.0 (Windows; U; Windows NT 6.0; ja; rv:1.8.1.14) Gecko/20080404 Firefox/2.0.0.14"
10.66.193.133 localhost - [08/Jun/2008:20:48:39 +0900] "GET /webplayer/look.png HTTP/1.1" 200 2264 "http://localhost/webplayer/" "Mozilla/5.0 (Windows; U; Windows NT 6.0; ja; rv:1.8.1.14) Gecko/20080404 Firefox/2.0.0.14"
10.66.193.133 localhost - [08/Jun/2008:20:48:39 +0900] "GET /webplayer/contents/794/7948604c54c97ce9cbf1c8b37776a332/thumb.jpg HTTP/1.1" 200 3558 "http://localhost/webplayer/" "Mozilla/5.0 (Windows; U; Windows NT 6.0; ja; rv:1.8.1.14) Gecko/20080404 Firefox/2.0.0.14"
10.66.193.133 localhost - [08/Jun/2008:20:48:39 +0900] "GET /webplayer/contents/12f/12f1c90ecca1f7d2bbba6c66292e728e/thumb.jpg HTTP/1.1" 200 2117 "http://localhost/webplayer/" "Mozilla/5.0 (Windows; U; Windows NT 6.0; ja; rv:1.8.1.14) Gecko/20080404 Firefox/2.0.0.14"
10.66.193.133 localhost - [08/Jun/2008:20:48:39 +0900] "GET /webplayer/contents/24c/24c9568cb37e9915fcd0421eb4d08874/thumb.jpg HTTP/1.1" 200 2157 "http://localhost/webplayer/" "Mozilla/5.0 (Windows; U; Windows NT 6.0; ja; rv:1.8.1.14) Gecko/20080404 Firefox/2.0.0.14"
10.66.193.133 localhost - [08/Jun/2008:20:48:39 +0900] "GET /webplayer/contents/39e/39e572897d1fc7130d2446883e323dac/thumb.jpg HTTP/1.1" 200 2106 "http://localhost/webplayer/" "Mozilla/5.0 (Windows; U; Windows NT 6.0; ja; rv:1.8.1.14) Gecko/20080404 Firefox/2.0.0.14"
10.66.193.133 localhost - [08/Jun/2008:20:48:39 +0900] "GET /webplayer/contents/d4b/d4b0ac589f636c915d8b4616eb6d0994/thumb.jpg HTTP/1.1" 200 2158 "http://localhost/webplayer/" "Mozilla/5.0 (Windows; U; Windows NT 6.0; ja; rv:1.8.1.14) Gecko/20080404 Firefox/2.0.0.14"
10.66.193.133 localhost - [08/Jun/2008:20:48:39 +0900] "GET /webplayer/contents/581/581f20839ae168af301da84c75dda1f5/thumb.jpg HTTP/1.1" 200 1542 "http://localhost/webplayer/" "Mozilla/5.0 (Windows; U; Windows NT 6.0; ja; rv:1.8.1.14) Gecko/20080404 Firefox/2.0.0.14"
10.66.193.133 localhost - [08/Jun/2008:20:48:39 +0900] "GET /webplayer/contents/3d7/3d7a877cc00272176daeff0db9aa91b9/thumb.jpg HTTP/1.1" 200 3944 "http://localhost/webplayer/" "Mozilla/5.0 (Windows; U; Windows NT 6.0; ja; rv:1.8.1.14) Gecko/20080404 Firefox/2.0.0.14"
10.66.193.133 localhost - [08/Jun/2008:20:48:39 +0900] "GET /webplayer/contents/ec8/ec80d1f0eb31611f2c6ebf8549f4c0ed/thumb.jpg HTTP/1.1" 200 3317 "http://localhost/webplayer/" "Mozilla/5.0 (Windows; U; Windows NT 6.0; ja; rv:1.8.1.14) Gecko/20080404 Firefox/2.0.0.14"
10.66.193.133 localhost - [08/Jun/2008:20:48:39 +0900] "GET /webplayer/contents/7c6/7c638d956f0fc7c6d14eb849020120ed/thumb.jpg HTTP/1.1" 200 3320 "http://localhost/webplayer/" "Mozilla/5.0 (Windows; U; Windows NT 6.0; ja; rv:1.8.1.14) Gecko/20080404 Firefox/2.0.0.14"
10.66.193.133 localhost - [08/Jun/2008:20:48:39 +0900] "GET /webplayer/contents/e7e/e7eb41442a6771454c841e2ecea8c318/thumb.jpg HTTP/1.1" 200 2558 "http://localhost/webplayer/" "Mozilla/5.0 (Windows; U; Windows NT 6.0; ja; rv:1.8.1.14) Gecko/20080404 Firefox/2.0.0.14"
10.66.193.133 localhost - [08/Jun/2008:20:48:39 +0900] "GET /webplayer/contents/f60/f608cccaf6afbd7348ff4f82705b878b/thumb.jpg HTTP/1.1" 200 3381 "http://localhost/webplayer/" "Mozilla/5.0 (Windows; U; Windows NT 6.0; ja; rv:1.8.1.14) Gecko/20080404 Firefox/2.0.0.14"
10.66.193.133 localhost - [08/Jun/2008:20:48:39 +0900] "GET /webplayer/contents/8e6/8e618167a293d0acb9bc54656528155f/thumb.jpg HTTP/1.1" 200 2564 "http://localhost/webplayer/" "Mozilla/5.0 (Windows; U; Windows NT 6.0; ja; rv:1.8.1.14) Gecko/20080404 Firefox/2.0.0.14"
10.66.193.133 localhost - [08/Jun/2008:20:48:39 +0900] "GET /webplayer/contents/004/004da62dee801ce90f03dfdc690f02a3/thumb.jpg HTTP/1.1" 200 2160 "http://localhost/webplayer/" "Mozilla/5.0 (Windows; U; Windows NT 6.0; ja; rv:1.8.1.14) Gecko/20080404 Firefox/2.0.0.14"
10.66.193.133 localhost - [08/Jun/2008:20:48:39 +0900] "GET /webplayer/contents/629/62944e59641f35571c9d2b527704b51e/thumb.jpg HTTP/1.1" 200 3290 "http://localhost/webplayer/" "Mozilla/5.0 (Windows; U; Windows NT 6.0; ja; rv:1.8.1.14) Gecko/20080404 Firefox/2.0.0.14"
10.66.193.133 localhost - [08/Jun/2008:20:48:39 +0900] "GET /webplayer/contents/257/257d67511e95e5307286f4f41e177872/thumb.jpg HTTP/1.1" 200 2215 "http://localhost/webplayer/" "Mozilla/5.0 (Windows; U; Windows NT 6.0; ja; rv:1.8.1.14) Gecko/20080404 Firefox/2.0.0.14"
10.66.193.133 localhost - [08/Jun/2008:20:48:39 +0900] "GET /webplayer/contents/e5e/e5e257e3612b22d8070fe6c134a3f95e/thumb.jpg HTTP/1.1" 200 2473 "http://localhost/webplayer/" "Mozilla/5.0 (Windows; U; Windows NT 6.0; ja; rv:1.8.1.14) Gecko/20080404 Firefox/2.0.0.14"
10.66.193.133 localhost - [08/Jun/2008:20:48:39 +0900] "GET /webplayer/contents/7ea/7eaa063da6664587a02ac10a7cd7db64/thumb.jpg HTTP/1.1" 200 2579 "http://localhost/webplayer/" "Mozilla/5.0 (Windows; U; Windows NT 6.0; ja; rv:1.8.1.14) Gecko/20080404 Firefox/2.0.0.14"
10.66.193.133 localhost - [08/Jun/2008:20:48:39 +0900] "GET /webplayer/contents/5a5/5a53fe96296350cdee2f2b130d0c7ea7/thumb.jpg HTTP/1.1" 200 4226 "http://localhost/webplayer/" "Mozilla/5.0 (Windows; U; Windows NT 6.0; ja; rv:1.8.1.14) Gecko/20080404 Firefox/2.0.0.14"
10.66.193.133 localhost - [08/Jun/2008:20:48:39 +0900] "GET /webplayer/contents/88b/88bfd66ae87cae4ebb7356959ef41739/thumb.jpg HTTP/1.1" 200 1017 "http://localhost/webplayer/" "Mozilla/5.0 (Windows; U; Windows NT 6.0; ja; rv:1.8.1.14) Gecko/20080404 Firefox/2.0.0.14"
10.66.193.133 localhost - [08/Jun/2008:20:48:39 +0900] "GET /webplayer/contents/1a0/1a02d6d218144dee07ffc1ac38301394/thumb.jpg HTTP/1.1" 200 1826 "http://localhost/webplayer/" "Mozilla/5.0 (Windows; U; Windows NT 6.0; ja; rv:1.8.1.14) Gecko/20080404 Firefox/2.0.0.14"
10.66.193.133 localhost - [08/Jun/2008:20:48:40 +0900] "GET /webplayer/contents/1d7/1d767e47e88899a42488a2ab90eb1a4a/thumb.jpg HTTP/1.1" 200 1910 "http://localhost/webplayer/" "Mozilla/5.0 (Windows; U; Windows NT 6.0; ja; rv:1.8.1.14) Gecko/20080404 Firefox/2.0.0.14"
10.66.193.133 localhost - [08/Jun/2008:20:48:40 +0900] "GET /webplayer/contents/b37/b371850853fff68ee7c8e0402fd399c7/thumb.jpg HTTP/1.1" 200 2191 "http://localhost/webplayer/" "Mozilla/5.0 (Windows; U; Windows NT 6.0; ja; rv:1.8.1.14) Gecko/20080404 Firefox/2.0.0.14"
10.66.193.133 localhost - [08/Jun/2008:20:48:40 +0900] "GET /webplayer/contents/648/6489fcddadd2175598c2e61d87f83169/thumb.jpg HTTP/1.1" 200 952 "http://localhost/webplayer/" "Mozilla/5.0 (Windows; U; Windows NT 6.0; ja; rv:1.8.1.14) Gecko/20080404 Firefox/2.0.0.14"
10.66.193.133 localhost - [08/Jun/2008:20:48:40 +0900] "GET /webplayer/contents/61a/61ad46ac41dac5d11236872bae1d1b9e/thumb.jpg HTTP/1.1" 200 1645 "http://localhost/webplayer/" "Mozilla/5.0 (Windows; U; Windows NT 6.0; ja; rv:1.8.1.14) Gecko/20080404 Firefox/2.0.0.14"
10.66.193.133 localhost - [08/Jun/2008:20:48:40 +0900] "GET /webplayer/contents/60a/60a19c913446f455246d0c89d12c322e/thumb.jpg HTTP/1.1" 200 1817 "http://localhost/webplayer/" "Mozilla/5.0 (Windows; U; Windows NT 6.0; ja; rv:1.8.1.14) Gecko/20080404 Firefox/2.0.0.14"
10.66.193.133 localhost - [08/Jun/2008:20:48:40 +0900] "GET /favicon.ico HTTP/1.1" 404 345 "-" "Mozilla/5.0 (Windows; U; Windows NT 6.0; ja; rv:1.8.1.14) Gecko/20080404 Firefox/2.0.0.14"
10.66.193.133 localhost - [08/Jun/2008:20:48:40 +0900] "GET /favicon.ico HTTP/1.1" 404 345 "-" "Mozilla/5.0 (Windows; U; Windows NT 6.0; ja; rv:1.8.1.14) Gecko/20080404 Firefox/2.0.0.14"
10.66.193.133 localhost - [08/Jun/2008:20:48:45 +0900] "GET /webplayer/player.css HTTP/1.1" 200 1392 "http://localhost/webplayer/player.py?id=be600567cb51ab351a619cb50431a58b" "Mozilla/5.0 (Windows; U; Windows NT 6.0; ja; rv:1.8.1.14) Gecko/20080404 Firefox/2.0.0.14"
10.66.193.133 localhost - [08/Jun/2008:20:48:45 +0900] "GET /webplayer/player.py?id=be600567cb51ab351a619cb50431a58b HTTP/1.1" 200 15368 "http://localhost/webplayer/" "Mozilla/5.0 (Windows; U; Windows NT 6.0; ja; rv:1.8.1.14) Gecko/20080404 Firefox/2.0.0.14"
10.66.193.133 localhost - [08/Jun/2008:20:48:45 +0900] "GET /webplayer/swfobject.js HTTP/1.1" 200 6880 "http://localhost/webplayer/player.py?id=be600567cb51ab351a619cb50431a58b" "Mozilla/5.0 (Windows; U; Windows NT 6.0; ja; rv:1.8.1.14) Gecko/20080404 Firefox/2.0.0.14"
10.66.193.133 localhost - [08/Jun/2008:20:48:45 +0900] "GET /webplayer/playlist.js HTTP/1.1" 200 3725 "http://localhost/webplayer/player.py?id=be600567cb51ab351a619cb50431a58b" "Mozilla/5.0 (Windows; U; Windows NT 6.0; ja; rv:1.8.1.14) Gecko/20080404 Firefox/2.0.0.14"
10.66.193.133 localhost - [08/Jun/2008:20:48:45 +0900] "GET /webplayer/video.js HTTP/1.1" 200 1962 "http://localhost/webplayer/player.py?id=be600567cb51ab351a619cb50431a58b" "Mozilla/5.0 (Windows; U; Windows NT 6.0; ja; rv:1.8.1.14) Gecko/20080404 Firefox/2.0.0.14"
10.66.193.133 localhost - [08/Jun/2008:20:48:45 +0900] "GET /webplayer/player.js HTTP/1.1" 200 18531 "http://localhost/webplayer/player.py?id=be600567cb51ab351a619cb50431a58b" "Mozilla/5.0 (Windows; U; Windows NT 6.0; ja; rv:1.8.1.14) Gecko/20080404 Firefox/2.0.0.14"
10.66.193.133 localhost - [08/Jun/2008:20:48:45 +0900] "GET /webplayer/contents/346/34618f8375c3658dd1e79f30e34a4b93/thumb.jpg HTTP/1.1" 200 2525 "http://localhost/webplayer/player.py?id=be600567cb51ab351a619cb50431a58b" "Mozilla/5.0 (Windows; U; Windows NT 6.0; ja; rv:1.8.1.14) Gecko/20080404 Firefox/2.0.0.14"
10.66.193.133 localhost - [08/Jun/2008:20:48:45 +0900] "GET /webplayer/contents/601/601c1da852f1e327ebc4725b02c8a36c/thumb.jpg HTTP/1.1" 200 1216 "http://localhost/webplayer/player.py?id=be600567cb51ab351a619cb50431a58b" "Mozilla/5.0 (Windows; U; Windows NT 6.0; ja; rv:1.8.1.14) Gecko/20080404 Firefox/2.0.0.14"
10.66.193.133 localhost - [08/Jun/2008:20:48:45 +0900] "GET /webplayer/contents/d90/d901782ed09b2fbb4f14ade407683923/thumb.jpg HTTP/1.1" 200 2831 "http://localhost/webplayer/player.py?id=be600567cb51ab351a619cb50431a58b" "Mozilla/5.0 (Windows; U; Windows NT 6.0; ja; rv:1.8.1.14) Gecko/20080404 Firefox/2.0.0.14"
10.66.193.133 localhost - [08/Jun/2008:20:48:45 +0900] "GET /webplayer/contents/7e7/7e754411092a675b1e5b616e3b7452fd/thumb.jpg HTTP/1.1" 200 1217 "http://localhost/webplayer/player.py?id=be600567cb51ab351a619cb50431a58b" "Mozilla/5.0 (Windows; U; Windows NT 6.0; ja; rv:1.8.1.14) Gecko/20080404 Firefox/2.0.0.14"
10.66.193.133 localhost - [08/Jun/2008:20:48:45 +0900] "GET /webplayer/contents/602/6022981731bc352d9d185b9a558b6bb2/thumb.jpg HTTP/1.1" 200 1056 "http://localhost/webplayer/player.py?id=be600567cb51ab351a619cb50431a58b" "Mozilla/5.0 (Windows; U; Windows NT 6.0; ja; rv:1.8.1.14) Gecko/20080404 Firefox/2.0.0.14"
10.66.193.133 localhost - [08/Jun/2008:20:48:45 +0900] "GET /webplayer/playlist.py HTTP/1.1" 200 278 "http://localhost/webplayer/player.py?id=be600567cb51ab351a619cb50431a58b" "Mozilla/5.0 (Windows; U; Windows NT 6.0; ja; rv:1.8.1.14) Gecko/20080404 Firefox/2.0.0.14"
10.66.193.133 localhost - [08/Jun/2008:20:48:46 +0900] "GET /webplayer/flvplayer.swf HTTP/1.1" 200 33392 "http://localhost/webplayer/player.py?id=be600567cb51ab351a619cb50431a58b" "Mozilla/5.0 (Windows; U; Windows NT 6.0; ja; rv:1.8.1.14) Gecko/20080404 Firefox/2.0.0.14"
10.66.193.133 localhost - [08/Jun/2008:20:48:47 +0900] "GET /webplayer/contents/794/7948604c54c97ce9cbf1c8b37776a332/video.flv HTTP/1.1" 200 9390915 "-" "Mozilla/5.0 (Windows; U; Windows NT 6.0; ja; rv:1.8.1.14) Gecko/20080404 Firefox/2.0.0.14"
10.40.11.28 localhost - [08/Jun/2008:20:48:57 +0900] "POST /webplayer/comment.py HTTP/1.1" 200 31 "http://localhost/webplayer/player.py?id=e1534f35a5ae84ea5f44d3ae7b25302e" "Mozilla/4.0 (compatible; MSIE 6.0; Windows NT 5.1)"
10.66.193.133 localhost - [08/Jun/2008:20:49:16 +0900] "POST /webplayer/comment.py HTTP/1.1" 200 31 "http://localhost/webplayer/player.py?id=be600567cb51ab351a619cb50431a58b" "Mozilla/5.0 (Windows; U; Windows NT 6.0; ja; rv:1.8.1.14) Gecko/20080404 Firefox/2.0.0.14"
10.40.11.28 localhost - [08/Jun/2008:20:49:27 +0900] "POST /webplayer/comment.py HTTP/1.1" 200 31 "http://localhost/webplayer/player.py?id=e1534f35a5ae84ea5f44d3ae7b25302e" "Mozilla/4.0 (compatible; MSIE 6.0; Windows NT 5.1)"
10.66.193.133 localhost - [08/Jun/2008:20:49:46 +0900] "POST /webplayer/comment.py HTTP/1.1" 200 31 "http://localhost/webplayer/player.py?id=be600567cb51ab351a619cb50431a58b" "Mozilla/5.0 (Windows; U; Windows NT 6.0; ja; rv:1.8.1.14) Gecko/20080404 Firefox/2.0.0.14"
10.40.11.28 localhost - [08/Jun/2008:20:49:57 +0900] "POST /webplayer/comment.py HTTP/1.1" 200 31 "http://localhost/webplayer/player.py?id=e1534f35a5ae84ea5f44d3ae7b25302e" "Mozilla/4.0 (compatible; MSIE 6.0; Windows NT 5.1)"
10.66.193.133 localhost - [08/Jun/2008:20:50:16 +0900] "POST /webplayer/comment.py HTTP/1.1" 200 31 "http://localhost/webplayer/player.py?id=be600567cb51ab351a619cb50431a58b" "Mozilla/5.0 (Windows; U; Windows NT 6.0; ja; rv:1.8.1.14) Gecko/20080404 Firefox/2.0.0.14"
10.40.11.28 localhost - [08/Jun/2008:20:50:27 +0900] "POST /webplayer/comment.py HTTP/1.1" 200 31 "http://localhost/webplayer/player.py?id=e1534f35a5ae84ea5f44d3ae7b25302e" "Mozilla/4.0 (compatible; MSIE 6.0; Windows NT 5.1)"
10.66.193.133 localhost - [08/Jun/2008:20:50:46 +0900] "POST /webplayer/comment.py HTTP/1.1" 200 31 "http://localhost/webplayer/player.py?id=be600567cb51ab351a619cb50431a58b" "Mozilla/5.0 (Windows; U; Windows NT 6.0; ja; rv:1.8.1.14) Gecko/20080404 Firefox/2.0.0.14"
10.40.11.28 localhost - [08/Jun/2008:20:50:57 +0900] "POST /webplayer/comment.py HTTP/1.1" 200 31 "http://localhost/webplayer/player.py?id=e1534f35a5ae84ea5f44d3ae7b25302e" "Mozilla/4.0 (compatible; MSIE 6.0; Windows NT 5.1)"
10.66.193.133 localhost - [08/Jun/2008:20:51:16 +0900] "POST /webplayer/comment.py HTTP/1.1" 200 31 "http://localhost/webplayer/player.py?id=be600567cb51ab351a619cb50431a58b" "Mozilla/5.0 (Windows; U; Windows NT 6.0; ja; rv:1.8.1.14) Gecko/20080404 Firefox/2.0.0.14"
10.40.11.28 localhost - [08/Jun/2008:20:51:27 +0900] "POST /webplayer/comment.py HTTP/1.1" 200 31 "http://localhost/webplayer/player.py?id=e1534f35a5ae84ea5f44d3ae7b25302e" "Mozilla/4.0 (compatible; MSIE 6.0; Windows NT 5.1)"
10.66.193.133 localhost - [08/Jun/2008:20:51:46 +0900] "POST /webplayer/comment.py HTTP/1.1" 200 31 "http://localhost/webplayer/player.py?id=be600567cb51ab351a619cb50431a58b" "Mozilla/5.0 (Windows; U; Windows NT 6.0; ja; rv:1.8.1.14) Gecko/20080404 Firefox/2.0.0.14"
10.40.11.28 localhost - [08/Jun/2008:20:51:57 +0900] "POST /webplayer/comment.py HTTP/1.1" 200 31 "http://localhost/webplayer/player.py?id=e1534f35a5ae84ea5f44d3ae7b25302e" "Mozilla/4.0 (compatible; MSIE 6.0; Windows NT 5.1)"
10.66.193.133 localhost - [08/Jun/2008:20:52:16 +0900] "POST /webplayer/comment.py HTTP/1.1" 200 31 "http://localhost/webplayer/player.py?id=be600567cb51ab351a619cb50431a58b" "Mozilla/5.0 (Windows; U; Windows NT 6.0; ja; rv:1.8.1.14) Gecko/20080404 Firefox/2.0.0.14"
10.40.11.28 localhost - [08/Jun/2008:20:52:27 +0900] "POST /webplayer/comment.py HTTP/1.1" 200 31 "http://localhost/webplayer/player.py?id=e1534f35a5ae84ea5f44d3ae7b25302e" "Mozilla/4.0 (compatible; MSIE 6.0; Windows NT 5.1)"
10.66.193.133 localhost - [08/Jun/2008:20:52:46 +0900] "POST /webplayer/comment.py HTTP/1.1" 200 31 "http://localhost/webplayer/player.py?id=be600567cb51ab351a619cb50431a58b" "Mozilla/5.0 (Windows; U; Windows NT 6.0; ja; rv:1.8.1.14) Gecko/20080404 Firefox/2.0.0.14"
10.40.11.28 localhost - [08/Jun/2008:20:52:57 +0900] "POST /webplayer/comment.py HTTP/1.1" 200 31 "http://localhost/webplayer/player.py?id=e1534f35a5ae84ea5f44d3ae7b25302e" "Mozilla/4.0 (compatible; MSIE 6.0; Windows NT 5.1)"
10.66.193.133 localhost - [08/Jun/2008:20:53:16 +0900] "POST /webplayer/comment.py HTTP/1.1" 200 31 "http://localhost/webplayer/player.py?id=be600567cb51ab351a619cb50431a58b" "Mozilla/5.0 (Windows; U; Windows NT 6.0; ja; rv:1.8.1.14) Gecko/20080404 Firefox/2.0.0.14"
10.40.11.28 localhost - [08/Jun/2008:20:53:27 +0900] "POST /webplayer/comment.py HTTP/1.1" 200 31 "http://localhost/webplayer/player.py?id=e1534f35a5ae84ea5f44d3ae7b25302e" "Mozilla/4.0 (compatible; MSIE 6.0; Windows NT 5.1)"
10.66.193.133 localhost - [08/Jun/2008:20:53:46 +0900] "POST /webplayer/comment.py HTTP/1.1" 200 31 "http://localhost/webplayer/player.py?id=be600567cb51ab351a619cb50431a58b" "Mozilla/5.0 (Windows; U; Windows NT 6.0; ja; rv:1.8.1.14) Gecko/20080404 Firefox/2.0.0.14"
10.40.11.28 localhost - [08/Jun/2008:20:53:57 +0900] "POST /webplayer/comment.py HTTP/1.1" 200 31 "http://localhost/webplayer/player.py?id=e1534f35a5ae84ea5f44d3ae7b25302e" "Mozilla/4.0 (compatible; MSIE 6.0; Windows NT 5.1)"
10.66.193.133 localhost - [08/Jun/2008:20:54:16 +0900] "POST /webplayer/comment.py HTTP/1.1" 200 31 "http://localhost/webplayer/player.py?id=be600567cb51ab351a619cb50431a58b" "Mozilla/5.0 (Windows; U; Windows NT 6.0; ja; rv:1.8.1.14) Gecko/20080404 Firefox/2.0.0.14"
10.40.11.28 localhost - [08/Jun/2008:20:54:27 +0900] "POST /webplayer/comment.py HTTP/1.1" 200 31 "http://localhost/webplayer/player.py?id=e1534f35a5ae84ea5f44d3ae7b25302e" "Mozilla/4.0 (compatible; MSIE 6.0; Windows NT 5.1)"
10.40.11.28 localhost - [08/Jun/2008:20:54:57 +0900] "POST /webplayer/comment.py HTTP/1.1" 200 31 "http://localhost/webplayer/player.py?id=e1534f35a5ae84ea5f44d3ae7b25302e" "Mozilla/4.0 (compatible; MSIE 6.0; Windows NT 5.1)"
10.40.11.28 localhost - [08/Jun/2008:21:22:30 +0900] "POST /webplayer/comment.py HTTP/1.1" 200 31 "http://localhost/webplayer/player.py?id=e1534f35a5ae84ea5f44d3ae7b25302e" "Mozilla/4.0 (compatible; MSIE 6.0; Windows NT 5.1)"
10.40.11.28 localhost - [08/Jun/2008:21:23:00 +0900] "POST /webplayer/comment.py HTTP/1.1" 200 31 "http://localhost/webplayer/player.py?id=e1534f35a5ae84ea5f44d3ae7b25302e" "Mozilla/4.0 (compatible; MSIE 6.0; Windows NT 5.1)"
10.40.11.28 localhost - [08/Jun/2008:21:23:30 +0900] "POST /webplayer/comment.py HTTP/1.1" 200 31 "http://localhost/webplayer/player.py?id=e1534f35a5ae84ea5f44d3ae7b25302e" "Mozilla/4.0 (compatible; MSIE 6.0; Windows NT 5.1)"
10.40.11.28 localhost - [08/Jun/2008:21:24:00 +0900] "POST /webplayer/comment.py HTTP/1.1" 200 31 "http://localhost/webplayer/player.py?id=e1534f35a5ae84ea5f44d3ae7b25302e" "Mozilla/4.0 (compatible; MSIE 6.0; Windows NT 5.1)"
10.40.11.28 localhost - [08/Jun/2008:21:24:30 +0900] "POST /webplayer/comment.py HTTP/1.1" 200 31 "http://localhost/webplayer/player.py?id=e1534f35a5ae84ea5f44d3ae7b25302e" "Mozilla/4.0 (compatible; MSIE 6.0; Windows NT 5.1)"
10.40.11.28 localhost - [08/Jun/2008:21:25:00 +0900] "POST /webplayer/comment.py HTTP/1.1" 200 31 "http://localhost/webplayer/player.py?id=e1534f35a5ae84ea5f44d3ae7b25302e" "Mozilla/4.0 (compatible; MSIE 6.0; Windows NT 5.1)"
10.40.11.28 localhost - [08/Jun/2008:21:25:30 +0900] "POST /webplayer/comment.py HTTP/1.1" 200 31 "http://localhost/webplayer/player.py?id=e1534f35a5ae84ea5f44d3ae7b25302e" "Mozilla/4.0 (compatible; MSIE 6.0; Windows NT 5.1)"
10.40.11.28 localhost - [08/Jun/2008:21:26:00 +0900] "POST /webplayer/comment.py HTTP/1.1" 200 31 "http://localhost/webplayer/player.py?id=e1534f35a5ae84ea5f44d3ae7b25302e" "Mozilla/4.0 (compatible; MSIE 6.0; Windows NT 5.1)"
10.40.11.28 localhost - [08/Jun/2008:21:26:30 +0900] "POST /webplayer/comment.py HTTP/1.1" 200 31 "http://localhost/webplayer/player.py?id=e1534f35a5ae84ea5f44d3ae7b25302e" "Mozilla/4.0 (compatible; MSIE 6.0; Windows NT 5.1)"
10.40.11.28 localhost - [08/Jun/2008:21:27:00 +0900] "POST /webplayer/comment.py HTTP/1.1" 200 31 "http://localhost/webplayer/player.py?id=e1534f35a5ae84ea5f44d3ae7b25302e" "Mozilla/4.0 (compatible; MSIE 6.0; Windows NT 5.1)"
10.40.11.28 localhost - [08/Jun/2008:21:27:30 +0900] "POST /webplayer/comment.py HTTP/1.1" 200 31 "http://localhost/webplayer/player.py?id=e1534f35a5ae84ea5f44d3ae7b25302e" "Mozilla/4.0 (compatible; MSIE 6.0; Windows NT 5.1)"
10.40.11.28 localhost - [08/Jun/2008:21:28:00 +0900] "POST /webplayer/comment.py HTTP/1.1" 200 31 "http://localhost/webplayer/player.py?id=e1534f35a5ae84ea5f44d3ae7b25302e" "Mozilla/4.0 (compatible; MSIE 6.0; Windows NT 5.1)"
10.40.11.28 localhost - [08/Jun/2008:21:28:30 +0900] "POST /webplayer/comment.py HTTP/1.1" 200 31 "http://localhost/webplayer/player.py?id=e1534f35a5ae84ea5f44d3ae7b25302e" "Mozilla/4.0 (compatible; MSIE 6.0; Windows NT 5.1)"
10.40.11.28 localhost - [08/Jun/2008:21:29:00 +0900] "POST /webplayer/comment.py HTTP/1.1" 200 31 "http://localhost/webplayer/player.py?id=e1534f35a5ae84ea5f44d3ae7b25302e" "Mozilla/4.0 (compatible; MSIE 6.0; Windows NT 5.1)"
10.40.11.28 localhost - [08/Jun/2008:21:29:30 +0900] "POST /webplayer/comment.py HTTP/1.1" 200 31 "http://localhost/webplayer/player.py?id=e1534f35a5ae84ea5f44d3ae7b25302e" "Mozilla/4.0 (compatible; MSIE 6.0; Windows NT 5.1)"
10.40.11.28 localhost - [08/Jun/2008:21:30:00 +0900] "POST /webplayer/comment.py HTTP/1.1" 200 31 "http://localhost/webplayer/player.py?id=e1534f35a5ae84ea5f44d3ae7b25302e" "Mozilla/4.0 (compatible; MSIE 6.0; Windows NT 5.1)"
10.40.11.28 localhost - [08/Jun/2008:21:30:30 +0900] "POST /webplayer/comment.py HTTP/1.1" 200 31 "http://localhost/webplayer/player.py?id=e1534f35a5ae84ea5f44d3ae7b25302e" "Mozilla/4.0 (compatible; MSIE 6.0; Windows NT 5.1)"
10.40.11.28 localhost - [08/Jun/2008:21:31:00 +0900] "POST /webplayer/comment.py HTTP/1.1" 200 31 "http://localhost/webplayer/player.py?id=e1534f35a5ae84ea5f44d3ae7b25302e" "Mozilla/4.0 (compatible; MSIE 6.0; Windows NT 5.1)"
10.40.11.28 localhost - [08/Jun/2008:21:31:30 +0900] "POST /webplayer/comment.py HTTP/1.1" 200 31 "http://localhost/webplayer/player.py?id=e1534f35a5ae84ea5f44d3ae7b25302e" "Mozilla/4.0 (compatible; MSIE 6.0; Windows NT 5.1)"
10.40.11.28 localhost - [08/Jun/2008:21:32:00 +0900] "POST /webplayer/comment.py HTTP/1.1" 200 31 "http://localhost/webplayer/player.py?id=e1534f35a5ae84ea5f44d3ae7b25302e" "Mozilla/4.0 (compatible; MSIE 6.0; Windows NT 5.1)"
10.40.11.28 localhost - [08/Jun/2008:21:32:30 +0900] "POST /webplayer/comment.py HTTP/1.1" 200 31 "http://localhost/webplayer/player.py?id=e1534f35a5ae84ea5f44d3ae7b25302e" "Mozilla/4.0 (compatible; MSIE 6.0; Windows NT 5.1)"
10.40.11.28 localhost - [08/Jun/2008:21:33:00 +0900] "POST /webplayer/comment.py HTTP/1.1" 200 31 "http://localhost/webplayer/player.py?id=e1534f35a5ae84ea5f44d3ae7b25302e" "Mozilla/4.0 (compatible; MSIE 6.0; Windows NT 5.1)"
10.40.11.28 localhost - [08/Jun/2008:21:33:30 +0900] "POST /webplayer/comment.py HTTP/1.1" 200 31 "http://localhost/webplayer/player.py?id=e1534f35a5ae84ea5f44d3ae7b25302e" "Mozilla/4.0 (compatible; MSIE 6.0; Windows NT 5.1)"
10.40.11.28 localhost - [08/Jun/2008:21:34:00 +0900] "POST /webplayer/comment.py HTTP/1.1" 200 31 "http://localhost/webplayer/player.py?id=e1534f35a5ae84ea5f44d3ae7b25302e" "Mozilla/4.0 (compatible; MSIE 6.0; Windows NT 5.1)"
10.40.11.28 localhost - [08/Jun/2008:21:34:30 +0900] "POST /webplayer/comment.py HTTP/1.1" 200 31 "http://localhost/webplayer/player.py?id=e1534f35a5ae84ea5f44d3ae7b25302e" "Mozilla/4.0 (compatible; MSIE 6.0; Windows NT 5.1)"
10.40.11.28 localhost - [08/Jun/2008:21:35:00 +0900] "POST /webplayer/comment.py HTTP/1.1" 200 31 "http://localhost/webplayer/player.py?id=e1534f35a5ae84ea5f44d3ae7b25302e" "Mozilla/4.0 (compatible; MSIE 6.0; Windows NT 5.1)"
10.40.11.28 localhost - [08/Jun/2008:21:35:30 +0900] "POST /webplayer/comment.py HTTP/1.1" 200 31 "http://localhost/webplayer/player.py?id=e1534f35a5ae84ea5f44d3ae7b25302e" "Mozilla/4.0 (compatible; MSIE 6.0; Windows NT 5.1)"
10.40.11.28 localhost - [08/Jun/2008:21:36:00 +0900] "POST /webplayer/comment.py HTTP/1.1" 200 31 "http://localhost/webplayer/player.py?id=e1534f35a5ae84ea5f44d3ae7b25302e" "Mozilla/4.0 (compatible; MSIE 6.0; Windows NT 5.1)"
10.40.11.28 localhost - [08/Jun/2008:21:36:30 +0900] "POST /webplayer/comment.py HTTP/1.1" 200 31 "http://localhost/webplayer/player.py?id=e1534f35a5ae84ea5f44d3ae7b25302e" "Mozilla/4.0 (compatible; MSIE 6.0; Windows NT 5.1)"
10.40.11.28 localhost - [08/Jun/2008:21:37:00 +0900] "POST /webplayer/comment.py HTTP/1.1" 200 31 "http://localhost/webplayer/player.py?id=e1534f35a5ae84ea5f44d3ae7b25302e" "Mozilla/4.0 (compatible; MSIE 6.0; Windows NT 5.1)"
10.40.11.28 localhost - [08/Jun/2008:21:37:30 +0900] "POST /webplayer/comment.py HTTP/1.1" 200 31 "http://localhost/webplayer/player.py?id=e1534f35a5ae84ea5f44d3ae7b25302e" "Mozilla/4.0 (compatible; MSIE 6.0; Windows NT 5.1)"
10.40.11.28 localhost - [08/Jun/2008:21:38:00 +0900] "POST /webplayer/comment.py HTTP/1.1" 200 31 "http://localhost/webplayer/player.py?id=e1534f35a5ae84ea5f44d3ae7b25302e" "Mozilla/4.0 (compatible; MSIE 6.0; Windows NT 5.1)"
10.40.11.28 localhost - [08/Jun/2008:21:38:30 +0900] "POST /webplayer/comment.py HTTP/1.1" 200 31 "http://localhost/webplayer/player.py?id=e1534f35a5ae84ea5f44d3ae7b25302e" "Mozilla/4.0 (compatible; MSIE 6.0; Windows NT 5.1)"
10.40.11.28 localhost - [08/Jun/2008:21:39:00 +0900] "POST /webplayer/comment.py HTTP/1.1" 200 31 "http://localhost/webplayer/player.py?id=e1534f35a5ae84ea5f44d3ae7b25302e" "Mozilla/4.0 (compatible; MSIE 6.0; Windows NT 5.1)"
10.40.11.28 localhost - [08/Jun/2008:21:39:30 +0900] "POST /webplayer/comment.py HTTP/1.1" 200 31 "http://localhost/webplayer/player.py?id=e1534f35a5ae84ea5f44d3ae7b25302e" "Mozilla/4.0 (compatible; MSIE 6.0; Windows NT 5.1)"
10.40.11.28 localhost - [08/Jun/2008:21:40:00 +0900] "POST /webplayer/comment.py HTTP/1.1" 200 31 "http://localhost/webplayer/player.py?id=e1534f35a5ae84ea5f44d3ae7b25302e" "Mozilla/4.0 (compatible; MSIE 6.0; Windows NT 5.1)"
10.40.11.28 localhost - [08/Jun/2008:21:40:30 +0900] "POST /webplayer/comment.py HTTP/1.1" 200 31 "http://localhost/webplayer/player.py?id=e1534f35a5ae84ea5f44d3ae7b25302e" "Mozilla/4.0 (compatible; MSIE 6.0; Windows NT 5.1)"
10.40.11.28 localhost - [08/Jun/2008:21:41:00 +0900] "POST /webplayer/comment.py HTTP/1.1" 200 31 "http://localhost/webplayer/player.py?id=e1534f35a5ae84ea5f44d3ae7b25302e" "Mozilla/4.0 (compatible; MSIE 6.0; Windows NT 5.1)"
